e o(p).
-7
Let f(i) be the third derivative of -25*i**4/24 - 211*i**3/2 - 8346*i**2. Calculate f(-25).
-8
Let n(m) = 2*m**2 - m - 6. Let v be -1380*(1 - (-7)/(-14)*3). Let a = 693 - v. Give n(a).
9
Let m be 665/665*1/((-1)/25). Let c(o) = -o**2 - 47*o - 548. What is c(m)?
2
Let y(v) = -v - 26. Let z = 13894 - 13909. What is y(z)?
-11
Let m(h) be the second derivative of -h**5/20 - h**4/12 + h**3/6 + h**2 + 4217*h. Calculate m(-4).
46
Suppose -3*j - 52 = -5*j. Suppose 3*b + 98 = j. Let c = 25 + b. Let z(l) = 3*l**3 + l. Give z(c).
4
Let y(q) = -q**2 + 19*q - 61. Suppose -14*d + 17*d + 28 - 82 = 0. Calculate y(d).
-43
Let t be -1*1 + -1*4. Suppose -3*c + 53 = -2*b, 0*b - 4*b = -4*c + 68. Let m(u) = -u - 26 + 66 - c - 27. Determine m(t).
-1
Let m = 15 + -9. Suppose 61*o + 3*o - 1952 = -58*o. Let d(l) = -o*l + 11 + 11*l + m*l + 4. What is d(-9)?
6
Let m(u) be the first derivative of u**3 - 21*u**2/2 + 15*u - 27. Let l(b) = b**2 - b - 2. Let q(x) = -4*l(x) + m(x). What is q(-18)?
5
Let i(l) = -l - 12. Let r(w) = -3*w**3 + 4*w**2 + 42*w - 2. Let m(d) = d**3 + d**2 + d. Let n(f) = 2*m(f) + r(f). Let q be n(-4). Determine i(q).
6
Let m(c) = 611*c. Let r(b) = -17*b. Let d(g) = -4*m(g) - 143*r(g). Let h(x) = -x**3 + 2*x**2 - 10*x - 135. Let n be h(-4). Calculate d(n).
-13
Let c be (-20)/3*(-3)/(-2). Let k be 6/(48/(-40)) - -7. Let p(n) = k*n - 13*n - 4 + 8*n + 4*n + 0*n. What is p(c)?
-14
Let o = -3288 - -3282. Let a(m) = m**3 + 6*m**2 + 3*m + 12. Calculate a(o).
-6
Let c(s) = -12*s + 1. Let m(f) = 25*f - 3. Let q(d) = 5*c(d) + 2*m(d). Let x(r) = 2*r**3 + 19*r**2 + 55*r + 79. Let g be x(-6). Give q(g).
-11
Let p(y) be the second derivative of -y**4/12 - 3*y**3/2 + 3*y**2/2 - 4209*y. Suppose -3*l - 26 = -4*m, 2*l + 4*m + 0*m + 4 = 0. What is p(l)?
21
Suppose -166*k = -174*k + 104. Let v(n) = -14 + 25 - 3*n**2 - n**3 - 11*n + k*n**2. Give v(9).
-7
Let o(m) = -19. Let l(f) = -3*f + 132. Let x(t) = -l(t) - 4*o(t). Determine x(18).
-2
Let z(o) = o**2 + 11*o - 1. Suppose -10*r = 104 + 6. Let y be z(r). Let n be (y + 2)/(1/(-2)). Let s(w) = -9*w - 3. What is s(n)?
15
Let k(m) = m**2 - 12*m - 10. Suppose 70*i - 22*i - 528 = 0. Calculate k(i).
-21
Suppose -20 = -d + 5*d - 3*i, 0 = -d + 3*i - 14. Let y(s) be the first derivative of -32 + s + 0*s**3 + 1/4*s**4 + 3/2*s**2. What is y(d)?
-13
Suppose 30*z + 34 + 27 = 61. Let d(a) = -a**3 + a**2 - 3*a + 49. What is d(z)?
49
Let t(n) = -41*n - 199. Let h = -29256 + 29251. Give t(h).
6
Let k(d) = -2*d**3 + d**2 - 46*d + 3. Let u be k(0). Let c(l) be the third derivative of 0 + 11*l - 1/12*l**4 - 1/2*l**u - 3*l**2. What is c(6)?
-15
Let i(z) = 46*z + 118. Let m be i(6). Let x = m - 406. Let s(w) = w**2 + 14*w + 13. Calculate s(x).
-11
Let s(w) = 3*w + 8. Suppose -13*x = -10*x - 252. Let c = -182 + x. Let v = c - -90. What is s(v)?
-16
Let b(u) = -u**2 + 4*u + 3. Let n(l) = -l**2 - 15*l - 49. Let v(x) = x**3 + 30*x**2 - 34*x - 101. Let m be v(-31). Let t be n(m). Determine b(t).
-18
Suppose 0 = -y - t + 6, -y - t - 2 = -2*y. Suppose -d = -3*d - 2*b + 2, -y*d - 32 = -5*b. Let j(h) = -h + 1. Give j(d).
4
Let i be 310/30 + (-4)/(-6). Let g(c) = -c**2 + 14*c + 14. What is g(i)?
47
Let u(g) = g**3 - 14*g**2 + 32*g + 3. Suppose 3*c + 1 - 50 = 4*j, -5*j = 5*c - 35. Calculate u(c).
-8
Let h(d) = d**2 - 10*d - 712. Let w be h(-22). Let o(n) be the second derivative of 1/6*n**3 + 11/2*n**2 + 0 - 3*n. Give o(w).
3
Let b(y) be the third derivative of -y**5/60 + 7*y**4/24 - y**3/2 - 6*y**2. Let l be b(6). Let u(a) = 48964 - 24487 - 2*a - 24478 + 5*a**2 - a**3. What is u(l)?
11
Let r = -39 + 17. Suppose 4*k + 64 = -48. Let q = k - r. Let i(p) = -p**3 - 7*p**2 - 8*p - 7. Give i(q).
5
Let l(q) = -22*q**2 - 21*q**2 + 5*q + 80*q**2 - 3 - 15*q**2 - 23*q**2. What is l(8)?
-27
Let m(r) = r**3 - 10*r**2 + 13*r + 4. Let p be (8/28 - (-234)/63)*4/2. What is m(p)?
-20
Let o(m) be the first derivative of m**4/4 + 5*m**3/3 - 7*m**2 - 5*m - 4287. Give o(-6).
43
Let p(d) = 3*d**2 - 10*d - 22. Let q(b) = 288*b + 2021. Let w be q(-7). Give p(w).
3
Suppose 0 = 164*i + 31*i - 195. Let n(t) = 1. Let c(x) = -1. Let v(z) = z + 2. Let j(g) = 4*c(g) - v(g). Let y(s) = i*j(s) - 6*n(s). Determine y(-11).
-1
Let k(f) = -5*f + 9610*f**2 - 1 - 9609*f**2 + 7 + 4 - 1. Calculate k(0).
9
Let m = 160800 + -160802. Let w(d) be the third derivative of -d**6/120 + d**4/8 + d**3/3 - d**2. Calculate w(m).
4
Let x(p) = 3*p**2 - 8*p + 14. Let l be (45/6)/((-18)/(-12)). Calculate x(l).
49
Let g(z) = -13*z**3 + 2*z**2 - z - 2. Let k(o) = -o**2 - 4*o - 2. Let d be k(-2). Give g(d).
-100
Let y(z) = 12*z - z**2 + 11 - 5*z + 2*z. Let u be y(8). Let j(g) = -11 - 2*g - u + 34. Give j(-3).
10
Let y be 0 + 4 - 0 - 3. Let t(j) be the first derivative of -2*j**3 + j - 821. What is t(y)?
-5
Let j(q) be the third derivative of 7*q**4/24 + 11*q**3/6 - q**2 - 14*q. Let n(b) = 6*b + 10. Let g(i) = -5*j(i) + 6*n(i). Give g(6).
11
Suppose -i + 18 = -4*x, 0 = 4*i - 3*i + x + 2. Let f be 1/(1/i) - -2 - 1. Let j(d) be the second derivative of d**4/12 - 2*d**3/3 - d**2/2 - d. What is j(f)?
-4
Let i(t) = 11*t + 17. Let s(r) = r**2 - 21*r - 33. Let j(d) = -5*i(d) - 2*s(d). Let x(y) = y**2 + 7*y + 10. Let m(f) = -2*j(f) - 5*x(f). What is m(-8)?
-4
Suppose -78 + 80 = 2*l - 4*g, -2 = 2*g. Let d(q) = -14*q**2 - 2*q + 1. Let v(o) = -14*o**2 - 2*o + 2. Let j(z) = 3*d(z) - 2*v(z). Give j(l).
-13
Suppose 214*x = 218*x - 2*k - 130, -k = 5*x - 173. Let j(g) = -g**2 + 11*g + 780. What is j(x)?
-2
Let j be ((-13)/(416/(-48)))/((-3)/1)*-2. Let a(x) = -9*x - 4. Determine a(j).
-13
Let m(v) be the second derivative of 1/20*v**5 - 3*v + 7/2*v**2 - 1/2*v**3 - 9 + 1/3*v**4. Give m(-5).
-3
Let z be (46 + -10)*((-9)/3 + 4). Let j be (-5 + z/8)*2. Let w(h) = 19*h**3 - h**2. Determine w(j).
-20
Let l be (-16)/32*(9 - 1) - 203. Let k = -203 - l. Let u(w) = 2*w. What is u(k)?
8
Suppose -j = 9 - 9. Suppose 4*z - o = j, -2*z + z - 4*o = 0. Let d(r) be the first derivative of -r**2/2 - 7*r - 7. Calculate d(z).
-7
Let c = 3 + -4. Let z(d) = 2*d**2 + 5*d + 132. Let y(k) = 12*k**2 + 24*k + 638. Let j(w) = 6*y(w) - 29*z(w). Determine j(c).
15
Let k(r) = -r - 1. Let i be k(-6). Let s(a) = -9 + a - 5 + i + 2. Let b be (-27)/((-702)/(-104))*7/(-4). What is s(b)?
0
Let z(t) be the first derivative of t**6/120 + t**5/10 + t**3/6 + 44*t**2 + 8. Let f(r) be the second derivative of z(r). Let y = 12 + -17. What is f(y)?
26
Let u(n) be the second derivative of n**5/60 - n**4/12 - n**3/3 + 55*n**2 - 101*n - 2. Let t(k) be the second derivative of u(k). Determine t(12).
22
Suppose 0 = -2*j + 4*w - 16, 88*j = 93*j - 4*w + 88. Let d(z) = 22*z + 531. Give d(j).
3
Let q(r) = -8*r + 20. Let i = 7116 - 7127. Calculate q(i).
108
Let c(m) = -m**2 - 3*m - 1. Suppose 0 = 3*t - 6, -2 = 4*v - 4*t - t. Suppose -v*u - 2*l + 7 = u, 5*u - 16 = l. Determine c(u).
-19
Let f(q) = 19*q**2 - 83 + 58*q - 17*q**2 + q**3 - 132*q - 38*q**2. Determine f(38).
-7
Let c = -47 - -67. Let y = 36 - c. Suppose -13*k + y*k = 9. Let s(g) = -g**3 + 3*g**2 - 4*g + 2. What is s(k)?
-10
Suppose 1383 - 1543 = 20*n. Let f(l) = l**3 + 6*l**2 - 7*l - 4. Give f(n).
-76
Let x(q) = q**2 - 6*q + 1. Let v be ((-165)/110)/((-1)/14). Suppose 5*b + d = 25, 0 = 5*b + 2*d - 51 + v. What is x(b)?
-7
Let u(a) = 2*a**2 + 9*a**3 - 2464*a + 1 + 2465*a + 9 - 12. What is u(1)?
10
Let c(k) be the third derivative of -k**5/30 - 5*k**4/6 - 10*k**3/3 + 538*k**2 - 4*k + 1. What is c(-14)?
-132
Let z(w) be the third derivative of w**5/60 + 5*w**4/24 - w**3 + 15*w**2 + 52*w. Give z(-10).
44
Let y(p) = -2*p - 10. Suppose -9 = f - 4*v, -v + 4 = 5. Let b be y(f). Let z(x) = 34*x**2 - 17*x**2 - 2 - b*x**2. Calculate z(2).
2
Let d(u) be the second derivative of -u**4/12 + 11*u**3/6 + 79*u**2/2 + 3*u + 998. Give d(15).
19
Let n(b) = -2 - 16 - 97*b + 93*b - 31. Let g be n(-13). Let x(q) = -q**3 + 5*q**2 + 4*q - 1. What is x(g)?
29
Let f(k) = 431 - 4*k - 194 - 238. What is f(-5)?
19
Let y(x) = 3*x**2 + 0*x**2 - 2*x**2 + 3*x**2. Let v(u) = -2*u**2. Let k be (12/(-36))/(1/(-33)) + -1. Let i(m) = k*v(m) + 6*y(m). Determine i(-1).
4
Let b(n) = -6*n - 384. Let i(u) = 3*u + 206. Let h(v) = -6*b(v) - 11*i(v). Give h(-13).
-1
Let h(x) be the first derivative of -x**3/3 - 12*x**2 + 160*x + 3435. Determine h(-29).
15
Le